 and 4897?
83
Calculate the greatest common divisor of 76 and 54156745.
19
What is the greatest common factor of 154229947 and 3869?
3869
Calculate the greatest common factor of 324 and 1814898.
6
What is the greatest common factor of 65152 and 151104?
64
What is the greatest common divisor of 50006 and 23398262?
4546
Calculate the greatest common factor of 95703 and 94812546.
4161
What is the highest common factor of 10368 and 457344?
1152
Calculate the highest common divisor of 42 and 2942998.
2
Calculate the highest common factor of 2212 and 55116404.
2212
Calculate the highest common factor of 156 and 83100.
12
Calculate the greatest common factor of 1515669 and 6441.
339
Calculate the highest common factor of 268665 and 1185.
15
Calculate the greatest common divisor of 451201256 and 66.
22
Calculate the highest common divisor of 1506 and 2203008.
6
What is the greatest common factor of 64519615 and 1169?
167
Calculate the greatest common factor of 3211 and 3441945.
247
What is the highest common divisor of 109690 and 59710?
70
What is the greatest common factor of 159 and 294505418?
53
Calculate the greatest common factor of 5212020 and 198915.
2235
Calculate the greatest common divisor of 2784416184 and 726.
726
What is the highest common divisor of 5964 and 6692?
28
What is the greatest common factor of 11971880 and 16235?
955
What is the greatest common divisor of 984724971 and 20457?
6819
What is the highest common factor of 2396354 and 1547?
17
Calculate the greatest common factor of 269110 and 1672290.
170
What is the greatest common divisor of 1053 and 1134861?
39
Calculate the greatest common factor of 1197 and 24774309.
1197
Calculate the highest common divisor of 6014007 and 4131.
243
Calculate the greatest common divisor of 5802234 and 948.
474
What is the highest common divisor of 5530 and 39460658?
158
What is the greatest common divisor of 37999 and 4693?
13
What is the greatest common divisor of 58128 and 39536?
112
What is the highest common factor of 8280 and 1329840?
360
Calculate the greatest common factor of 345 and 374295.
15
What is the highest common factor of 98439 and 1587113?
1727
What is the greatest common divisor of 8884746 and 351?
117
Calculate the greatest common divisor of 1337508 and 2385.
477
What is the greatest common divisor of 550303 and 286?
13
What is the greatest common factor of 526 and 2307214051?
263
What is the highest common divisor of 811452 and 197220?
228
What is the greatest common factor of 454170 and 174?
6
What is the greatest common factor of 110784185 and 485?
485
What is the greatest common divisor of 183939 and 1672?
19
Calculate the highest common factor of 3264 and 220336.
16
Calculate the highest common factor of 155 and 73632905.
155
Calculate the highest common factor of 23681774 and 227590.
4138
What is the highest common factor of 23085 and 5561775?
855
Calculate the greatest common divisor of 2838517 and 2739.
913
Calculate the greatest common factor of 9971721 and 1187679.
7971
What is the greatest common divisor of 29350791 and 2607?
237
What is the greatest common factor of 7400 and 1468360?
40
What is the greatest common factor of 30061 and 2306233?
23
What is the greatest common divisor of 104458 and 4234?
58
What is the highest common factor of 60768 and 162306?
18
What is the greatest common factor of 1042 and 191366947?
521
What is the greatest common factor of 124 and 30344846?
62
What is the greatest common factor of 2772874 and 26?
26
What is the highest common divisor of 456632 and 1914?
22
Calculate the highest common factor of 11958 and 1578.
6
Calculate the highest common divisor of 11594 and 1094052.
1054
What is the greatest common factor of 1271312 and 1904?
112
Calculate the greatest common divisor of 35070519 and 561.
33
Calculate the greatest common factor of 35 and 126044.
1
What is the highest common factor of 1811734 and 184664?
1126
What is the greatest common divisor of 64269036 and 23145?
4629
Calculate the highest common divisor of 3134988 and 972.
36
What is the greatest common factor of 6 and 110361963?
3
Calculate the highest common divisor of 8076 and 41361234.
4038
Calculate the highest common divisor of 30790 and 82330.
10
Calculate the greatest common factor of 26 and 10070307.
13
Calculate the highest common factor of 31408 and 95758.
26
Calculate the highest common factor of 29067433 and 101881.
7837
Calculate the greatest common factor of 49 and 26762477.
49
What is the greatest common divisor of 4360937 and 2261?
133
What is the greatest common factor of 464706075 and 75?
75
Calculate the greatest common factor of 123114 and 59934.
6
Calculate the highest common divisor of 190338533 and 7.
7
What is the highest common divisor of 46134148 and 241?
241
Calculate the greatest common divisor of 30763370 and 20.
10
Calculate the greatest common factor of 4599 and 18254015.
73
What is the highest common factor of 19384 and 2168400852?
9692
What is the highest common factor of 209345 and 675715?
745
What is the greatest common divisor of 25424 and 1206051?
1589
Calculate the greatest common factor of 2472 and 495864.
24
What is the highest common factor of 153 and 1002258?
9
What is the greatest common factor of 3793478 and 377?
13
Calculate the highest common factor of 54029125 and 219.
73
What is the highest common divisor of 5534040 and 156648?
2568
Calculate the greatest common factor of 8192 and 40781824.
2048
What is the greatest common factor of 28971691 and 147?
49
What is the highest common factor of 61209722 and 43904?
686
What is the highest common divisor of 8702 and 10733518?
38
What is the greatest common divisor of 79456834 and 177?
59
Calculate the greatest common factor of 13031 and 570067.
157
What is the highest common factor of 30431889 and 705?
141
What is the greatest common divisor of 16500 and 37708?
44
What is the greatest common factor of 24026808 and 104?
104
Calculate the highest common divisor of 110798758 and 42.
14
What is the highest common divisor of 8064720 and 90?
90
Calculate the greatest common divisor of 41497200 and 900.
900
Calculate the highest common factor of 20731777 and 30008.
3751
What is the greatest common factor of 9465 and 8460?
15
Calculate the greatest common divisor of 744113376 and 576.
288
What is the greatest common factor of 59076 and 192?
12
What is the greatest common factor of 66 and 3907074?
6
Calculate the greatest common divisor of 31848608 and 308.
44
What is the highest common factor of 14884140 and 102?
6
Calculate the highest common divisor of 41067804 and 12.
12
What is the highest common divisor of 33918622 and 1732?
866
Calculate the greatest common divisor of 1050142 and 1643.
53
Calculate the highest common factor of 29045748 and 12.
12
Calculate the greatest common divisor of 12724815 and 9.
3
Calculate the highest common divisor of 163780 and 716.
4
What is the highest common divisor of 17160287 and 3021?
1007
Calculate the highest common factor of 148003047 and 705.
141
Calculate the highest common factor of 54127757 and 1291.
1291
What is the highest common factor of 3479 and 4904396?
497
Calculate the highest common divisor of 1077061 and 328273.
2713
Calculate the highest common divisor of 2222 and 83204.
22
What is the greatest common factor of 70 and 10781036?
14
What is the greatest common divisor of 50461183 and 2917?
2917
Calculate the highest common factor of 1134 and 22501206.
378
What is the greatest common divisor of 279 and 3685807?
31
Calculate the highest common divisor of 20125788 and 228.
228
What is the greatest common factor of 339 and 8105151?
339
Calculate the highest common divisor of 742550 and 20750.
50
Calculate the greatest common factor of 1028 and 171952.
4
What is the highest common factor of 1004425143 and 426?
213
Calculate the highest common divisor of 142594639 and 38.
19
What is the greatest common divisor of 7209 and 160698222?
2403
What is the greatest common factor of 12816 and 425322?
18
Calculate the highest common factor of 6521097 and 825.
33
What is the greatest common factor of 459131549 and 788?
197
Calculate the greatest common factor of 530984758 and 6684.
1114
Calculate the greatest common factor of 1216 and 5855382.
